{"id":13380,"date":"2026-04-29T10:10:21","date_gmt":"2026-04-29T10:10:21","guid":{"rendered":"https:\/\/amantesdeteruel.es\/?page_id=13380"},"modified":"2026-04-29T12:26:04","modified_gmt":"2026-04-29T12:26:04","slug":"conociendo-a","status":"publish","type":"page","link":"https:\/\/amantesdeteruel.es\/en\/conociendo-a\/","title":{"rendered":"Conociendo a"},"content":{"rendered":"<p>[et_pb_section fb_built=&#8221;1&#8243; _builder_version=&#8221;4.17.4&#8243; _module_preset=&#8221;default&#8221; locked=&#8221;off&#8221; global_colors_info=&#8221;{}&#8221;][et_pb_row column_structure=&#8221;3_5,2_5&#8243; use_custom_gutter=&#8221;on&#8221; gutter_width=&#8221;4&#8243; _builder_version=&#8221;4.24.3&#8243; _module_preset=&#8221;default&#8221; max_width=&#8221;2560px&#8221; global_colors_info=&#8221;{}&#8221;][et_pb_column type=&#8221;3_5&#8243; _builder_version=&#8221;4.17.4&#8243; _module_preset=&#8221;default&#8221; global_colors_info=&#8221;{}&#8221;][et_pb_button button_url=&#8221;@ET-DC@eyJkeW5hbWljIjp0cnVlLCJjb250ZW50IjoicG9zdF9saW5rX3VybF9wYWdlIiwic2V0dGluZ3MiOnsicG9zdF9pZCI6IjIzMiJ9fQ==@&#8221; button_text=&#8221;Volver a educaci\u00f3n&#8221; _builder_version=&#8221;4.17.4&#8243; _dynamic_attributes=&#8221;button_url&#8221; _module_preset=&#8221;default&#8221; custom_button=&#8221;on&#8221; button_text_size=&#8221;15px&#8221; button_text_color=&#8221;#adadad&#8221; button_bg_color=&#8221;RGBA(255,255,255,0)&#8221; button_border_width=&#8221;0px&#8221; button_border_color=&#8221;RGBA(255,255,255,0)&#8221; button_border_radius=&#8221;0px&#8221; button_font=&#8221;Nunito||||||||&#8221; button_icon=&#8221;&#x34;||divi||400&#8243; button_icon_placement=&#8221;left&#8221; custom_margin=&#8221;||30px||false|false&#8221; locked=&#8221;off&#8221; global_colors_info=&#8221;{}&#8221;][\/et_pb_button][et_pb_text _builder_version=&#8221;4.24.3&#8243; _module_preset=&#8221;default&#8221; text_font=&#8221;Montserrat|700|||||||&#8221; text_text_color=&#8221;#333333&#8243; text_font_size=&#8221;48px&#8221; text_line_height=&#8221;1em&#8221; custom_margin=&#8221;||27px|||&#8221; global_colors_info=&#8221;{}&#8221;]<\/p>\n<p>Programa cultural: Conociendo a&#8230;<\/p>\n<p>[\/et_pb_text][et_pb_text _builder_version=&#8221;4.24.3&#8243; _module_preset=&#8221;default&#8221; text_font=&#8221;Nunito||||||||&#8221; global_colors_info=&#8221;{}&#8221;]<\/p>\n<p>&nbsp;<\/p>\n<p class=\"western\"><b>Descubre el Conjunto Amantes con otros ojos.<\/b> Este programa de actividades mensual est\u00e1 dise\u00f1ado para que los ni\u00f1os disfruten y conozcan espacios, artistas y obras de arte concretas del Conjunto Amantes que habitualmente no se exploran en las visitas guiadas.<\/p>\n<p class=\"western\"><b>Informaci\u00f3n Pr\u00e1ctica<\/b><\/p>\n<ul>\n<li>\n<p class=\"western\"><b>P\u00fablico Objetivo:<\/b> Ni\u00f1os a partir de 6 a\u00f1os acompa\u00f1ados por un adulto.<\/p>\n<\/li>\n<li>\n<p class=\"western\"><b>Duraci\u00f3n:<\/b> 1 hora 30 minutos aproximadamente.<\/p>\n<\/li>\n<li>\n<p class=\"western\"><b>Fechas:<\/b> Primer viernes de cada mes a las 17:30 h.<\/p>\n<\/li>\n<li>\n<p class=\"western\"><b>Aforo:<\/b> Limitado a 20 ni\u00f1os.<\/p>\n<\/li>\n<li>\n<p class=\"western\"><b>Condici\u00f3n:<\/b> Los ni\u00f1os deben ir acompa\u00f1ados por un adulto.<\/p>\n<\/li>\n<\/ul>\n<ul><\/ul>\n<ul><\/ul>\n<p>&nbsp;<\/p>\n<p>[\/et_pb_text][et_pb_button button_text=&#8221;Entradas actividades&#8221; _builder_version=&#8221;4.24.3&#8243; _module_preset=&#8221;default&#8221; button_url=&#8221;https:\/\/entradaseventos.amantesdeteruel.es\/o\/1\/home&#8221; hover_enabled=&#8221;0&#8243; sticky_enabled=&#8221;0&#8243;][\/et_pb_button][\/et_pb_column][et_pb_column type=&#8221;2_5&#8243; _builder_version=&#8221;4.17.4&#8243; _module_preset=&#8221;default&#8221; global_colors_info=&#8221;{}&#8221;][et_pb_image src=&#8221;https:\/\/amantesdeteruel.es\/wp-content\/uploads\/2026\/04\/fundacionamantes24-0418_net.jpg&#8221; title_text=&#8221;fundacionamantes24-0418_net&#8221; force_fullwidth=&#8221;on&#8221; _builder_version=&#8221;4.24.3&#8243; _module_preset=&#8221;default&#8221; height=&#8221;800px&#8221; global_colors_info=&#8221;{}&#8221;][\/et_pb_image][\/et_pb_column][\/et_pb_row][\/et_pb_section]<\/p>\n","protected":false},"excerpt":{"rendered":"<p>Programa cultural: Conociendo a&#8230;&nbsp; Descubre el Conjunto Amantes con otros ojos. Este programa de actividades mensual est\u00e1 dise\u00f1ado para que los ni\u00f1os disfruten y conozcan espacios, artistas y obras de arte concretas del Conjunto Amantes que habitualmente no se exploran en las visitas guiadas. Informaci\u00f3n Pr\u00e1ctica P\u00fablico Objetivo: Ni\u00f1os a partir de 6 a\u00f1os acompa\u00f1ados [&hellip;]<\/p>\n","protected":false},"author":2,"featured_media":0,"parent":0,"menu_order":0,"comment_status":"closed","ping_status":"closed","template":"","meta":{"_acf_changed":false,"_et_pb_use_builder":"on","_et_pb_old_content":"","_et_gb_content_width":"","footnotes":""},"class_list":["post-13380","page","type-page","status-publish","hentry"],"acf":[],"_links":{"self":[{"href":"https:\/\/amantesdeteruel.es\/en\/wp-json\/wp\/v2\/pages\/13380","targetHints":{"allow":["GET"]}}],"collection":[{"href":"https:\/\/amantesdeteruel.es\/en\/wp-json\/wp\/v2\/pages"}],"about":[{"href":"https:\/\/amantesdeteruel.es\/en\/wp-json\/wp\/v2\/types\/page"}],"author":[{"embeddable":true,"href":"https:\/\/amantesdeteruel.es\/en\/wp-json\/wp\/v2\/users\/2"}],"replies":[{"embeddable":true,"href":"https:\/\/amantesdeteruel.es\/en\/wp-json\/wp\/v2\/comments?post=13380"}],"version-history":[{"count":4,"href":"https:\/\/amantesdeteruel.es\/en\/wp-json\/wp\/v2\/pages\/13380\/revisions"}],"predecessor-version":[{"id":13450,"href":"https:\/\/amantesdeteruel.es\/en\/wp-json\/wp\/v2\/pages\/13380\/revisions\/13450"}],"wp:attachment":[{"href":"https:\/\/amantesdeteruel.es\/en\/wp-json\/wp\/v2\/media?parent=13380"}],"curies":[{"name":"wp","href":"https:\/\/api.w.org\/{rel}","templated":true}]}}

<p>[et_pb_section fb_built=&#8221;1&#8243; _builder_version=&#8221;4.17.4&#8243; _module_preset=&#8221;default&#8221; locked=&#8221;off&#8221; global_colors_info=&#8221;{}&#8221;][et_pb_row column_structure=&#8221;3_5,2_5&#8243; use_custom_gutter=&#8221;on&#8221; gutter_width=&#8221;4&#8243; _builder_version=&#8221;4.24.3&#8243; _module_preset=&#8221;default&#8221; max_width=&#8221;2560px&#8221; global_colors_info=&#8221;{}&#8221;][et_pb_column type=&#8221;3_5&#8243; _builder_version=&#8221;4.17.4&#8243; _module_preset=&#8221;default&#8221; global_colors_info=&#8221;{}&#8221;][et_pb_button button_url=&#8221;@ET-DC@eyJkeW5hbWljIjp0cnVlLCJjb250ZW50IjoicG9zdF9saW5rX3VybF9wYWdlIiwic2V0dGluZ3MiOnsicG9zdF9pZCI6IjIzMiJ9fQ==@&#8221; button_text=&#8221;Volver a educación&#8221; _builder_version=&#8221;4.17.4&#8243; _dynamic_attributes=&#8221;button_url&#8221; _module_preset=&#8221;default&#8221; custom_button=&#8221;on&#8221; button_text_size=&#8221;15px&#8221; button_text_color=&#8221;#adadad&#8221; button_bg_color=&#8221;RGBA(255,255,255,0)&#8221; button_border_width=&#8221;0px&#8221; button_border_color=&#8221;RGBA(255,255,255,0)&#8221; button_border_radius=&#8221;0px&#8221; button_font=&#8221;Nunito||||||||&#8221; button_icon=&#8221;&#x34;||divi||400&#8243; button_icon_placement=&#8221;left&#8221; custom_margin=&#8221;||30px||false|false&#8221; locked=&#8221;off&#8221; global_colors_info=&#8221;{}&#8221;][/et_pb_button][et_pb_text _builder_version=&#8221;4.24.3&#8243; _module_preset=&#8221;default&#8221; text_font=&#8221;Montserrat|700|||||||&#8221; text_text_color=&#8221;#333333&#8243; text_font_size=&#8221;48px&#8221; text_line_height=&#8221;1em&#8221; custom_margin=&#8221;||27px|||&#8221; global_colors_info=&#8221;{}&#8221;]</p>
<p>Programa cultural: Conociendo a&#8230;</p>
<p>[/et_pb_text][et_pb_text _builder_version=&#8221;4.24.3&#8243; _module_preset=&#8221;default&#8221; text_font=&#8221;Nunito||||||||&#8221; global_colors_info=&#8221;{}&#8221;]</p>
<p>&nbsp;</p>
<p class="western"><b>Descubre el Conjunto Amantes con otros ojos.</b> Este programa de actividades mensual está diseñado para que los niños disfruten y conozcan espacios, artistas y obras de arte concretas del Conjunto Amantes que habitualmente no se exploran en las visitas guiadas.</p>
<p class="western"><b>Información Práctica</b></p>
<ul>
<li>
<p class="western"><b>Público Objetivo:</b> Niños a partir de 6 años acompañados por un adulto.</p>
</li>
<li>
<p class="western"><b>Duración:</b> 1 hora 30 minutos aproximadamente.</p>
</li>
<li>
<p class="western"><b>Fechas:</b> Primer viernes de cada mes a las 17:30 h.</p>
</li>
<li>
<p class="western"><b>Aforo:</b> Limitado a 20 niños.</p>
</li>
<li>
<p class="western"><b>Condición:</b> Los niños deben ir acompañados por un adulto.</p>
</li>
</ul>
<ul></ul>
<ul></ul>
<p>&nbsp;</p>
<p>[/et_pb_text][et_pb_button button_text=&#8221;Entradas actividades&#8221; _builder_version=&#8221;4.24.3&#8243; _module_preset=&#8221;default&#8221; button_url=&#8221;https://entradaseventos.amantesdeteruel.es/o/1/home&#8221; hover_enabled=&#8221;0&#8243; sticky_enabled=&#8221;0&#8243;][/et_pb_button][/et_pb_column][et_pb_column type=&#8221;2_5&#8243; _builder_version=&#8221;4.17.4&#8243; _module_preset=&#8221;default&#8221; global_colors_info=&#8221;{}&#8221;][et_pb_image src=&#8221;https://amantesdeteruel.es/wp-content/uploads/2026/04/fundacionamantes24-0418_net.jpg&#8221; title_text=&#8221;fundacionamantes24-0418_net&#8221; force_fullwidth=&#8221;on&#8221; _builder_version=&#8221;4.24.3&#8243; _module_preset=&#8221;default&#8221; height=&#8221;800px&#8221; global_colors_info=&#8221;{}&#8221;][/et_pb_image][/et_pb_column][/et_pb_row][/et_pb_section]</p>

<p>Programa cultural: Conociendo a&#8230;&nbsp; Descubre el Conjunto Amantes con otros ojos. Este programa de actividades mensual está diseñado para que los niños disfruten y conozcan espacios, artistas y obras de arte concretas del Conjunto Amantes que habitualmente no se exploran en las visitas guiadas. Información Práctica Público Objetivo: Niños a partir de 6 años acompañados [&hellip;]</p>
