{"id":10189,"date":"2022-11-28T07:11:39","date_gmt":"2022-11-28T07:11:39","guid":{"rendered":"https:\/\/amantesdeteruel.es\/visites-pour-les-groupes-universitaires-et-luniversite-de-lexperience\/"},"modified":"2024-05-08T09:01:39","modified_gmt":"2024-05-08T09:01:39","slug":"visites-pour-les-groupes-universitaires-et-luniversite-de-lexperience","status":"publish","type":"page","link":"https:\/\/amantesdeteruel.es\/fr\/visites-pour-les-groupes-universitaires-et-luniversite-de-lexperience\/","title":{"rendered":"Visites pour les Groupes Universitaires et l&rsquo;Universit\u00e9 de l&rsquo;Exp\u00e9rience"},"content":{"rendered":"<p>[et_pb_section fb_built=\u00a0\u00bb1&Prime; _builder_version=\u00a0\u00bb4.17.4&Prime; _module_preset=\u00a0\u00bbdefault\u00a0\u00bb locked=\u00a0\u00bboff\u00a0\u00bb global_colors_info=\u00a0\u00bb{}\u00a0\u00bb][et_pb_row use_custom_gutter=\u00a0\u00bbon\u00a0\u00bb gutter_width=\u00a0\u00bb4&Prime; _builder_version=\u00a0\u00bb4.17.4&Prime; _module_preset=\u00a0\u00bbdefault\u00a0\u00bb max_width=\u00a0\u00bb2560px\u00a0\u00bb global_colors_info=\u00a0\u00bb{}\u00a0\u00bb][et_pb_column type=\u00a0\u00bb4_4&Prime; _builder_version=\u00a0\u00bb4.17.4&Prime; _module_preset=\u00a0\u00bbdefault\u00a0\u00bb global_colors_info=\u00a0\u00bb{}\u00a0\u00bb][et_pb_button button_url=\u00a0\u00bb@ET-DC@eyJkeW5hbWljIjp0cnVlLCJjb250ZW50IjoicG9zdF9saW5rX3VybF9wYWdlIiwic2V0dGluZ3MiOnsicG9zdF9pZCI6IjIzMiIsImVuYWJsZV9odG1sIjoib2ZmIn19@\u00a0\u00bb button_text=\u00a0\u00bbVolver a educaci\u00f3n\u00a0\u00bb _builder_version=\u00a0\u00bb4.17.4&Prime; _dynamic_attributes=\u00a0\u00bbbutton_url\u00a0\u00bb _module_preset=\u00a0\u00bbdefault\u00a0\u00bb custom_button=\u00a0\u00bbon\u00a0\u00bb button_text_size=\u00a0\u00bb15px\u00a0\u00bb button_text_color=\u00a0\u00bb#adadad\u00a0\u00bb button_bg_color=\u00a0\u00bbRGBA(255,255,255,0)\u00a0\u00bb button_border_width=\u00a0\u00bb0px\u00a0\u00bb button_border_color=\u00a0\u00bbRGBA(255,255,255,0)\u00a0\u00bb button_border_radius=\u00a0\u00bb0px\u00a0\u00bb button_font=\u00a0\u00bbNunito||||||||\u00a0\u00bb button_icon=\u00a0\u00bb&#x34;||divi||400&Prime; button_icon_placement=\u00a0\u00bbleft\u00a0\u00bb custom_margin=\u00a0\u00bb||30px||false|false\u00a0\u00bb locked=\u00a0\u00bboff\u00a0\u00bb global_colors_info=\u00a0\u00bb{}\u00a0\u00bb][\/et_pb_button][et_pb_text _builder_version=\u00a0\u00bb4.17.4&Prime; _module_preset=\u00a0\u00bbdefault\u00a0\u00bb text_font=\u00a0\u00bbMontserrat|700|||||||\u00a0\u00bb text_text_color=\u00a0\u00bb#333333&Prime; text_font_size=\u00a0\u00bb48px\u00a0\u00bb text_line_height=\u00a0\u00bb1em\u00a0\u00bb custom_margin=\u00a0\u00bb||27px|||\u00a0\u00bb hover_enabled=\u00a0\u00bb0&Prime; global_colors_info=\u00a0\u00bb{}\u00a0\u00bb sticky_enabled=\u00a0\u00bb0&Prime;]<\/p>\n<p>Visites pour les Groupes Universitaires et l&rsquo;Universit\u00e9 de l&rsquo;Exp\u00e9rience<\/p>\n<p>[\/et_pb_text][et_pb_text _builder_version=\u00a0\u00bb4.17.4&Prime; _module_preset=\u00a0\u00bbdefault\u00a0\u00bb text_font=\u00a0\u00bbNunito||||||||\u00a0\u00bb hover_enabled=\u00a0\u00bb0&Prime; global_colors_info=\u00a0\u00bb{}\u00a0\u00bb sticky_enabled=\u00a0\u00bb0&Prime;]<\/p>\n<p><img loading=\"lazy\" decoding=\"async\" style=\"float: right;\" src=\"https:\/\/amantesdeteruel.es\/wp-content\/uploads\/2022\/10\/accordion3-300x222.jpg\" width=\"380\" height=\"222\" alt=\"\" class=\"wp-image-261 alignnone size-medium\"><\/p>\n<p>Parmi les objectifs du service \u00e9ducatif de la Fondation Amantes de Teruel, il y a la <strong>promotion de la culture et la sensibilisation \u00e0 notre patrimoine parmi les adultes<\/strong> faisant partie du syst\u00e8me \u00e9ducatif. Nous souhaitons que la Fondation soit un lieu ouvert \u00e0 tous sans exception.<\/p>\n<p>C&rsquo;est pourquoi nous proposons <strong> une visite enti\u00e8rement adapt\u00e9e<\/strong> \u00e0 cette communaut\u00e9 pour d\u00e9couvrir notre monument, notre histoire et l&rsquo;importance de notre patrimoine. Une visite au cours de laquelle le public adulte pourra <strong>apprendre tout en appr\u00e9ciant notre ensemble mud\u00e9jar de San Pedro et l&rsquo;histoire des Amantes de Teruel. <\/strong><\/p>\n<p>&nbsp;<\/p>\n<p>&nbsp;<\/p>\n<p>[\/et_pb_text][\/et_pb_column][\/et_pb_row][\/et_pb_section]<\/p>\n","protected":false},"excerpt":{"rendered":"<p>Visites pour les Groupes Universitaires et l&rsquo;Universit\u00e9 de l&rsquo;Exp\u00e9rience Parmi les objectifs du service \u00e9ducatif de la Fondation Amantes de Teruel, il y a la promotion de la culture et la sensibilisation \u00e0 notre patrimoine parmi les adultes faisant partie du syst\u00e8me \u00e9ducatif. Nous souhaitons que la Fondation soit un lieu ouvert \u00e0 tous sans [&hellip;]<\/p>\n","protected":false},"author":1,"featured_media":0,"parent":0,"menu_order":0,"comment_status":"closed","ping_status":"closed","template":"","meta":{"_acf_changed":false,"_et_pb_use_builder":"on","_et_pb_old_content":"","_et_gb_content_width":"","footnotes":""},"class_list":["post-10189","page","type-page","status-publish","hentry"],"acf":[],"_links":{"self":[{"href":"https:\/\/amantesdeteruel.es\/fr\/wp-json\/wp\/v2\/pages\/10189","targetHints":{"allow":["GET"]}}],"collection":[{"href":"https:\/\/amantesdeteruel.es\/fr\/wp-json\/wp\/v2\/pages"}],"about":[{"href":"https:\/\/amantesdeteruel.es\/fr\/wp-json\/wp\/v2\/types\/page"}],"author":[{"embeddable":true,"href":"https:\/\/amantesdeteruel.es\/fr\/wp-json\/wp\/v2\/users\/1"}],"replies":[{"embeddable":true,"href":"https:\/\/amantesdeteruel.es\/fr\/wp-json\/wp\/v2\/comments?post=10189"}],"version-history":[{"count":2,"href":"https:\/\/amantesdeteruel.es\/fr\/wp-json\/wp\/v2\/pages\/10189\/revisions"}],"predecessor-version":[{"id":10191,"href":"https:\/\/amantesdeteruel.es\/fr\/wp-json\/wp\/v2\/pages\/10189\/revisions\/10191"}],"wp:attachment":[{"href":"https:\/\/amantesdeteruel.es\/fr\/wp-json\/wp\/v2\/media?parent=10189"}],"curies":[{"name":"wp","href":"https:\/\/api.w.org\/{rel}","templated":true}]}}

Visites pour les Groupes Universitaires et l&rsquo;Université de l&rsquo;Expérience

<p>[et_pb_section fb_built= »1&Prime; _builder_version= »4.17.4&Prime; _module_preset= »default » locked= »off » global_colors_info= »{} »][et_pb_row use_custom_gutter= »on » gutter_width= »4&Prime; _builder_version= »4.17.4&Prime; _module_preset= »default » max_width= »2560px » global_colors_info= »{} »][et_pb_column type= »4_4&Prime; _builder_version= »4.17.4&Prime; _module_preset= »default » global_colors_info= »{} »][et_pb_button button_url= »@ET-DC@eyJkeW5hbWljIjp0cnVlLCJjb250ZW50IjoicG9zdF9saW5rX3VybF9wYWdlIiwic2V0dGluZ3MiOnsicG9zdF9pZCI6IjIzMiIsImVuYWJsZV9odG1sIjoib2ZmIn19@ » button_text= »Volver a educación » _builder_version= »4.17.4&Prime; _dynamic_attributes= »button_url » _module_preset= »default » custom_button= »on » button_text_size= »15px » button_text_color= »#adadad » button_bg_color= »RGBA(255,255,255,0) » button_border_width= »0px » button_border_color= »RGBA(255,255,255,0) » button_border_radius= »0px » button_font= »Nunito|||||||| » button_icon= »&#x34;||divi||400&Prime; button_icon_placement= »left » custom_margin= »||30px||false|false » locked= »off » global_colors_info= »{} »][/et_pb_button][et_pb_text _builder_version= »4.17.4&Prime; _module_preset= »default » text_font= »Montserrat|700||||||| » text_text_color= »#333333&Prime; text_font_size= »48px » text_line_height= »1em » custom_margin= »||27px||| » hover_enabled= »0&Prime; global_colors_info= »{} » sticky_enabled= »0&Prime;]</p>
<p>Visites pour les Groupes Universitaires et l&rsquo;Université de l&rsquo;Expérience</p>
<p>[/et_pb_text][et_pb_text _builder_version= »4.17.4&Prime; _module_preset= »default » text_font= »Nunito|||||||| » hover_enabled= »0&Prime; global_colors_info= »{} » sticky_enabled= »0&Prime;]</p>
<p><img loading="lazy" decoding="async" style="float: right;" src="https://amantesdeteruel.es/wp-content/uploads/2022/10/accordion3-300x222.jpg" width="380" height="222" alt="" class="wp-image-261 alignnone size-medium"></p>
<p>Parmi les objectifs du service éducatif de la Fondation Amantes de Teruel, il y a la <strong>promotion de la culture et la sensibilisation à notre patrimoine parmi les adultes</strong> faisant partie du système éducatif. Nous souhaitons que la Fondation soit un lieu ouvert à tous sans exception.</p>
<p>C&rsquo;est pourquoi nous proposons <strong> une visite entièrement adaptée</strong> à cette communauté pour découvrir notre monument, notre histoire et l&rsquo;importance de notre patrimoine. Une visite au cours de laquelle le public adulte pourra <strong>apprendre tout en appréciant notre ensemble mudéjar de San Pedro et l&rsquo;histoire des Amantes de Teruel. </strong></p>
<p>&nbsp;</p>
<p>&nbsp;</p>
<p>[/et_pb_text][/et_pb_column][/et_pb_row][/et_pb_section]</p>

<p>Visites pour les Groupes Universitaires et l&rsquo;Université de l&rsquo;Expérience Parmi les objectifs du service éducatif de la Fondation Amantes de Teruel, il y a la promotion de la culture et la sensibilisation à notre patrimoine parmi les adultes faisant partie du système éducatif. Nous souhaitons que la Fondation soit un lieu ouvert à tous sans [&hellip;]</p>
